25 (base 8) to base 15.
-39a9
-382 (base 14) to base 6
-3130
727 (base 15) to base 13
970
Convert 2221313 (base 4) to base 6.
122155
Convert 615 (base 9) to base 5.
4000
Convert 8041 (base 10) to base 8.
17551
What is -1706 (base 11) in base 10?
-2184
What is -13bb (base 15) in base 2?
-1000010000010
Convert 10909 (base 10) to base 13.
4c72
Convert 25083 (base 10) to base 5.
1300313
-4405 (base 6) to base 9
-1345
What is 2330032 (base 4) in base 2?
10111100001110
50626 (base 10) to base 13
1a074
-4f4f (base 16) to base 15
-6038
Convert 101122012 (base 3) to base 11.
590a
27013 (base 9) to base 3
221000110
Convert 436 (base 8) to base 15.
141
Convert 248 (base 9) to base 6.
542
-13311 (base 4) to base 14
-27b
Convert 3bc (base 16) to base 5.
12311
Convert -282 (base 12) to base 2.
-110000010
-1353b (base 14) to base 4
-23221001
552 (base 7) to base 8
432
Convert -116 (base 15) to base 2.
-11110110
What is 45371 (base 8) in base 9?
28285
What is -1b11b (base 13) in base 3?
-2200121001
Convert 48103 (base 10) to base 15.
e3bd
What is 2412 (base 6) in base 7?
1463
-23a88 (base 13) to base 2
-1111111111101011
Convert -700 (base 14) to base 13.
-817
-863 (base 12) to base 14
-639
4751 (base 10) to base 11
362a
Convert -2a3 (base 14) to base 16.
-217
Convert 5902 (base 12) to base 7.
40655
Convert 101122010 (base 3) to base 15.
246c
What is -7c3 (base 15) in base 14?
-8d8
101111010100 (base 2) to base 7
11554
Convert -31212 (base 4) to base 8.
-1546
Convert 56b (base 16) to base 4.
111223
What is -12435 (base 6) in base 5?
-30040
Convert -1307 (base 12) to base 6.
-14011
Convert -c14 (base 13) to base 11.
-159a
What is -233301 (base 5) in base 15?
-281b
Convert -101010001111010 (base 2) to base 10.
-21626
Convert 15096 (base 12) to base 7.
151656
Convert -467 (base 11) to base 8.
-1055
324 (base 7) to base 9
203
-1d82 (base 16) to base 2
-1110110000010
What is 211 (base 5) in base 9?
62
22552 (base 8) to base 2
10010101101010
-13202 (base 4) to base 9
-585
Convert -332310 (base 4) to base 15.
-12d0
b22 (base 12) to base 10
1610
-4b8b (base 12) to base 5
-233403
Convert -6215 (base 7) to base 12.
-1308
Convert 172c (base 16) to base 10.
5932
Convert 750 (base 13) to base 9.
1636
What is -198 (base 13) in base 12?
-206
-422a (base 13) to base 10
-9162
What is 151034 (base 7) in base 10?
29180
-16184 (base 9) to base 2
-10101101010100
Convert 3b62 (base 13) to base 10.
8530
-91a (base 14) to base 6
-12140
Convert 972e (base 15) to base 2.
111110011111010
1213 (base 8) to base 9
803
What is -100010000000000 (base 2) in base 14?
-64b6
What is -a25d (base 15) in base 2?
-1000010111110000
2a8 (base 12) to base 4
12200
What is 55600 (base 7) in base 8?
33276
-18611 (base 9) to base 14
-49a9
What is -1110444 (base 5) in base 16?
-4c2b
Convert -a9d (base 15) to base 13.
-1126
121020 (base 3) to base 5
3223
Convert 1660 (base 9) to base 5.
20034
109 (base 10) to base 7
214
Convert -ece (base 16) to base 9.
-5171
What is 670 (base 11) in base 12?
56b
Convert 56ab (base 14) to base 10.
15047
32415 (base 6) to base 15
14d5
-201322 (base 4) to base 10
-2170
-91a (base 11) to base 8
-2126
Convert -201012 (base 5) to base 9.
-8671
What is -254 (base 12) in base 11?
-2a0
What is -23 (base 14) in base 8?
-37
Convert -100101111 (base 2) to base 8.
-457
Convert -10010010011010 (base 2) to base 5.
-244440
1287 (base 9) to base 2
1111001010
Convert 110011111 (base 2) to base 8.
637
What is 41214 (base 6) in base 10?
5482
What is -16770 (base 8) in base 5?
-221142
-207 (base 9) to base 13
-100
-9d54 (base 14) to base 3
-1101110210
What is 228 (base 9) in base 6?
512
5311 (base 9) to base 14
15c6
What is 82a (base 14) in base 13?
967
-1c98 (base 13) to base 5
-114400
-14a30 (base 11) to base 9
-32074
What is -16780 (base 9) in base 16?
-2d36
-3b9 (base 13) to base 8
-1223
Convert 390 (base 15) to base 16.
32a
What is 100102200 (base 3) in base 5?
210001
What is 11220212 (base 3) in base 14?
1443
Convert a25b (base 12) to base 3.
220012022
54a (base 14) to base 6
4502
-768 (base 11) to base 9
-1233
-112 (base 9) to base 11
-84
What is -11326 (base 12) in base 6?
-254050
Convert 478 (base 10) to base 12.
33a
What is -1000100001 (base 2) in base 9?
-665
Convert -13223 (base 4) to base 15.
-22b
What is -134 (base 13) in base 11?
-183
Convert 201 (base 16) to base 14.
289
What is -1180 (base 15) in base 9?
-5083
Convert 23501 (base 9) to base 11.
10897
What is e2cb (base 16) in base 9?
87570
Convert -433224 (base 7) to base 6.
-1341520
-5125 (base 8) to base 6
-20125
Convert 2331031 (base 4) to base 15.
38c4
1110111111 (base 2) to base 14
4c7
Convert 47 (base 14) to base 8.
77
68380 (base 9) to base 7
246456
12254 (base 6) to base 3
2111221
134241 (base 7) to base 5
1304014
Convert -153400 (base 6) to base 2.
-11101011001000
1582 (base 13) to base 14
120c
1011000111001 (base 2) to base 16
1639
What is 1211201010 (base 3) in base 12?
18b79
Convert -5545 (base 7) to base 5.
-30433
Convert -132004 (base 6) to base 11.
-9100
Convert 3753 (base 13) to base 8.
17242
Convert 103122 (base 4) to base 16.
4da
230102 (base 4) to base 14
1066
What is 2285 (base 12) in base 8?
7405
-111110110010011 (base 2) to base 4
-13312103
-1002 (base 3) to base 8
-35
253050 (base 7) to base 15
dc73
What is -2352 (base 13) in base 8?
-11550
What is -1123 (base 12) in base 2?
-11101101011
What is -13104 (base 5) in base 3?
-1102010
What is -1024051 (base 6) in base 13?
-19a92
Convert -6589 (base 11) to base 5.
-234223
What is 28a (base 12) in base 14?
202
What is 1553a (base 13) in base 16?
9df8
Convert 6406 (base 11) to base 3.
102121221
201001 (base 4) to base 2
100001000001
Convert 10231 (base 4) to base 12.
211
Convert 15a6 (base 12) to base 7.
10335
What is 1083d (base 16) in base 14?
1a91b
What is -229 (base 11) in base 8?
-421
Convert 4f6 (base 16) to base 2.
10011110110
Convert 2511 (base 6) to base 3.
211221
What is 23203 (base 5) in base 8?
3216
What is 5872 (base 16) in base 4?
11201302
What is 7c3 (base 13) in base 3?
1211201
What is -7707 (base 9) in base 10?
-5677
1466 (base 11) to base 7
5334
-202120 (base 3) to base 13
-339
Convert 464 (base 11) to base 5.
4204
What is 685 (base 15) in base 2?
10111000011
What is 121035 (base 7) in base 10?
21978
What is 224 (base 15) in base 13?
2b3
What is -102211 (base 3) in base 5?
-2234
Convert -47d1 (base 14) to base 4.
-3003303
What is -305104 (base 7) in base 2?
-1100101111011101
What is 13222 (base 5) in base 14?
55c
10134 (base 9) to base 4
1220101
What is -11c6 (base 15) in base 16?
-eca
Convert 2632 (base 11) to base 12.
1b93
-3a (base 13) to base 7
-100
24c (base 15) to base 4
20022
Convert -1108 (base 15) to base 10.
-3608
What is -1052 (base 8) in base 3?
-202112
Convert 21002022 (base 3) to base 6.
35525
Convert 329 (base 12) to base 11.
393
Convert -40b (base 13) to base 15.
-30c
What is -7a0 (base 13) in base 11?
-a94
What is -75307 (base 8) in base 7?
-160431
2333 (base 5) to base 13
205
422 (base 7) to base 3
21212
2250 (base 7) to base 4
30303
-3232 (base 9) to base 12
-1462
Convert 11011101001 (base 2) to base 9.
2375
What is 514 (base 7) in base 10?
256
Convert -252 (base 14) to base 5.
-3324
Convert 2257 (base 11) to base 4.
232112
What is 34410 (base 7) in base 10?
8778
-1432 (base 13) to base 12
-182a
-132145 (base 6) to base 14
-4609
What is -42 (base 7) in base 2?
-11110
What is 1121330 (base 4) in base 6?
42352
110111100010010 (base 2) to base 14
a510
What is -21174 (base 10) in base 9?
-32036
What is 2c8 (base 14) in base 5?
4233
Convert 61a (base 13) to base 15.
492
What is -51c (base 14) in base 12?
-6ba
Convert -5415 (base 8) to base 13.
-1398
What is -19a (base 14) in base 10?
-332
Convert 2a2 (base 13) to base 6.
2102
-4124 (base 10) to base 6
-31032
10011110100 (base 2) to base 12
898
What is -2411 (base 7) in base 4?
-31322
What is -3f9 (base 16) in base 5?
-13032
-42644 (base 7) to base 11
-7a81
a54a (base 14) to base 4
12331012
-19b66 (base 12) to base 3
-1221001120
-15616 (base 7) to base 6
-32251
What is 2414 (base 11) in base 12?
19b5
What is -23023322 (base 4) in base 14?
-129aa
What is -3332 (base 8) in base 11?
-1355
-75 (base 16) to base 3
-11100
-104430 (base 5) to base 11
-28a0
Convert 4875 (base 11) to b